?
False
Is 655620977 a prime number?
False
Is 504598921 a composite number?
True
Is 28205373683 composite?
False
Is 3003899647 a prime number?
False
Is 93160291619 a composite number?
True
Is 405196391 prime?
True
Is 541402177 prime?
False
Is 17935738879 a prime number?
True
Is 2342013371 a prime number?
True
Is 4195400717 composite?
True
Is 61878013367 a composite number?
False
Is 65245621999 a prime number?
True
Is 10670212711 prime?
False
Is 5482968637 composite?
True
Is 773609407 prime?
False
Is 26698649935 a prime number?
False
Is 4196171333 prime?
True
Is 12922808501 a prime number?
False
Is 391280649 prime?
False
Is 16202986 prime?
False
Is 1636784753 a prime number?
True
Is 6122656427 prime?
True
Is 1058202463 a composite number?
False
Is 263619733 composite?
True
Is 21866514829 composite?
True
Is 4103517157 a prime number?
True
Is 46815881221 a composite number?
False
Is 409746811 composite?
False
Is 852847949 prime?
False
Is 6938073221 prime?
False
Is 8723168767 a composite number?
True
Is 1798339561 composite?
True
Is 838554671 composite?
False
Is 911414954 prime?
False
Is 13443736847 prime?
False
Is 115605211 a prime number?
False
Is 74673193 prime?
False
Is 1060643729 composite?
False
Is 2431980683 a composite number?
True
Is 936592559 prime?
False
Is 22137197429 a prime number?
True
Is 7151812391 a composite number?
False
Is 43507629683 a prime number?
False
Is 22550785619 a composite number?
False
Is 22590048907 a composite number?
False
Is 21039143297 composite?
True
Is 862058489 prime?
True
Is 321395857 a composite number?
True
Is 119991811 a composite number?
False
Is 4087000807 composite?
False
Is 95040600907 composite?
True
Is 1257293311 prime?
True
Is 5500956401 prime?
True
Is 1824967577 a composite number?
False
Is 335620819 a prime number?
False
Is 9247575853 composite?
False
Is 29881783 prime?
False
Is 3784183759 a prime number?
False
Is 952778153 prime?
True
Is 6408504649 prime?
True
Is 23320847371 a prime number?
False
Is 87818341781 composite?
True
Is 101321021 a prime number?
True
Is 97736038403 prime?
True
Is 403732573 composite?
False
Is 13748601863 composite?
False
Is 911973289 composite?
True
Is 3207940261 a prime number?
True
Is 88609358 a composite number?
True
Is 275650741 prime?
True
Is 3371220829 a prime number?
False
Is 2397265909 a composite number?
False
Is 142274602001 composite?
True
Is 108608620387 a prime number?
True
Is 1678070917 composite?
False
Is 14486396633 a composite number?
False
Is 8494992227 prime?
True
Is 13836792119 a prime number?
True
Is 93778663403 composite?
False
Is 757175269 prime?
True
Is 44522143 a composite number?
False
Is 413661349 prime?
False
Is 60750785713 composite?
True
Is 15006299863 composite?
False
Is 65330508569 composite?
False
Is 26809025693 a composite number?
False
Is 4351582877 a composite number?
False
Is 12761960737 a prime number?
True
Is 5354843119 prime?
True
Is 1054963753 prime?
True
Is 9961522517 a composite number?
True
Is 54983988593 composite?
False
Is 10223037529 a prime number?
True
Is 45329483 a prime number?
False
Is 13234193719 composite?
False
Is 14083383263 composite?
True
Is 1032031841 prime?
True
Is 308773393 prime?
True
Is 61650343 a prime number?
True
Is 119907867 a prime number?
False
Is 3461426 a prime number?
False
Is 70114748147 prime?
False
Is 965619797 a prime number?
False
Is 112250659894 a composite number?
True
Is 65107430249 a composite number?
True
Is 4375187963 a prime number?
True
Is 1673835041 composite?
False
Is 1304093831 a prime number?
True
Is 12414977519 a composite number?
True
Is 19719158677 prime?
False
Is 1085282929 composite?
False
Is 30774347423 a composite number?
True
Is 6619965829 a prime number?
True
Is 22309608239 composite?
False
Is 712568371 a prime number?
True
Is 10374154067 a composite number?
False
Is 12040443601 a prime number?
True
Is 998002319 a prime number?
False
Is 2527992193 a composite number?
False
Is 434176649 prime?
True
Is 19441163771 a composite number?
False
Is 159339563 a prime number?
False
Is 642975194 a prime number?
False
Is 3001226243 prime?
False
Is 12116629199 a prime number?
True
Is 1952142617 a composite number?
True
Is 136696697327 a prime number?
True
Is 29645493529 composite?
False
Is 12910929023 prime?
True
Is 24862423799 a composite number?
True
Is 2925008017 prime?
True
Is 132594503 a composite number?
False
Is 1734399391 prime?
True
Is 2466567427 prime?
True
Is 727652239 a prime number?
False
Is 431598403 a composite number?
False
Is 5829211673 a prime number?
False
Is 19973585741 a composite number?
False
Is 12021268187 a composite number?
False
Is 415163447 composite?
True
Is 213346165513 prime?
False
Is 26639682673 prime?
False
Is 9217571543 a composite number?
True
Is 2071508653 prime?
True
Is 1286410061 composite?
False
Is 1157502503 a prime number?
False
Is 1026575683 a composite number?
True
Is 44037342301 a prime number?
False
Is 15742954919 prime?
True
Is 4953322301 composite?
True
Is 224437667 prime?
True
Is 1244801059 composite?
False
Is 829704361 a prime number?
True
Is 1601840057 prime?
True
Is 231303473 a prime number?
False
Is 10984585333 a prime number?
True
Is 4617948929 prime?
False
Is 11098730459 composite?
False
Is 99113404067 composite?
False
Is 180353593309 a prime number?
True
Is 27194044679 a composite number?
True
Is 68743707427 composite?
True
Is 17062905917 prime?
False
Is 3320804113 a prime number?
False
Is 1547475773 a prime number?
True
Is 486314903 composite?
True
Is 1630039319 prime?
True
Is 157056869 a prime number?
False
Is 24801107771 prime?
False
Is 1209594103 a composite number?
True
Is 8447229355 composite?
True
Is 990276829 a composite number?
False
Is 5720781637 a prime number?
True
Is 50066447 prime?
True
Is 1095226273 composite?
False
Is 366882443 prime?
True
Is 1848950461 a composite number?
False
Is 180374177 a prime number?
True
Is 1668780661 a prime number?
True
Is 4582737227 a prime number?
True
Is 502567547 prime?
False
Is 380601947 composite?
True
Is 8062106399 composite?
False
Is 176901379 composite?
True
Is 2274794023 prime?
False
Is 3417095434 composite?
True
Is 145962571 prime?
True
Is 138357893 a composite number?
False
Is 15560159 prime?
True
Is 1439335067 a prime number?
True
Is 68158055549 a composite number?
False
Is 1367717411 a prime number?
True
Is 412259591 composite?
False
Is 1260263041 a prime number?
True
Is 506144510233 a prime number?
False
Is 20074280645 a prime number?
False
Is 1732367023 a prime number?
True
Is 214832199979 composite?
False
Is 6340908601 a composite number?
False
Is 7854892289 a prime number?
True
Is 121523849 a prime number?
True
Is 376386839 composite?
False
Is 78558519671 composite?
False
Is 3040030145 composite?
True
Is 7717209569 a prime number?
False
Is 139534411 a prime number?
True
Is 3364000931 composite?
False
Is 14195247593 a composite number?
True
Is 95756541619 a composite number?
True
Is 25179028643 prime?
False
Is 727620193 a composite number?
True
Is 2017161631 a composite number?
False
Is 3320761787 composite?
True
Is 1264715059 composite?
False
Is 3597580487 a composite number?
False
Is 48287707723 a prime number?
True
Is 2778450193 composite?
False
Is 607940981 a prime number?
True
Is 4989670549 composite?
False
Is 3983063797 composite?
False
Is 1059551797 a composite number?
True
Is 2906053133 composite?
True
Is 13017239 prime?
True
Is 10554884311 composite?
True
Is 72018119 prime?
True
Is 11633389421 prime?
True
Is 356198057 prime?
False
Is 19261220429 a composite number?
True
Is 96882576953 a prime number?
True
Is 140320657333 a prime number?
False
Is 4008190567 composite?
True
Is 71378207 composite?
True
Is 1051092317 prime?
False
Is 7324799359 a prime number?
False
Is 1040117791 prime?
True
Is 1979303267 a prime number?
False
Is 60592348613 a composite number?
False
Is 9971427053 a prime number?
False
Is 2546267573 composite?
False
Is 433146463 a prime number?
True
Is 84203235323 composite?
True
Is 2435988658 a prime number?
False
Is 1419294169 a prime number?
True
Is 5654851379 a prime number?
True
Is 64991313367 a composite number?
False
Is 790537273 composite?
False
Is 3246613999 a composite number?
True
Is 1846110011 a composite number?
False
Is 1309067113 pr